{"id":100401,"date":"2024-12-12T15:01:45","date_gmt":"2024-12-12T15:01:45","guid":{"rendered":"https:\/\/www.victor.it\/prodotto\/wollband\/"},"modified":"2024-12-12T15:01:45","modified_gmt":"2024-12-12T15:01:45","slug":"wollband","status":"publish","type":"product","link":"https:\/\/www.victor.it\/de\/produkt\/wollband\/","title":{"rendered":"Wollband"},"content":{"rendered":"<p><strong>Zusammensetzung<\/strong>:Wolle<br \/>\n<strong>Beschreibung<\/strong>:Wollband mit Hahnentrittmuster<\/p>\n","protected":false},"excerpt":{"rendered":"<p>Zusammensetzung:Wolle Beschreibung:Wollband mit Hahnentrittmuster<\/p>\n","protected":false},"featured_media":100402,"comment_status":"open","ping_status":"closed","template":"","meta":{"_acf_changed":false},"pronto-per-tinta":[],"tipologia-di-prodotto":[],"product_brand":[],"product_cat":[243,250],"product_tag":[],"class_list":{"0":"post-100401","1":"product","2":"type-product","3":"status-publish","4":"has-post-thumbnail","6":"product_cat-baender","7":"product_cat-wolle","9":"first","10":"instock","11":"shipping-taxable","12":"product-type-simple"},"acf":[],"yoast_head":"<!-- This site is optimized with the Yoast SEO plugin v27.2 - https:\/\/yoast.com\/product\/yoast-seo-wordpress\/ -->\n<title>Wollband - Nastrificio Victor<\/title>\n<meta name=\"robots\" content=\"index, follow, max-snippet:-1, max-image-preview:large, max-video-preview:-1\" \/>\n<link rel=\"canonical\" href=\"https:\/\/www.victor.it\/de\/produkt\/wollband\/\" \/>\n<meta property=\"og:locale\" content=\"de_DE\" \/>\n<meta property=\"og:type\" content=\"article\" \/>\n<meta property=\"og:title\" content=\"Wollband - Nastrificio Victor\" \/>\n<meta property=\"og:description\" content=\"Zusammensetzung:Wolle Beschreibung:Wollband mit Hahnentrittmuster\" \/>\n<meta property=\"og:url\" content=\"https:\/\/www.victor.it\/de\/produkt\/wollband\/\" \/>\n<meta property=\"og:site_name\" content=\"Nastrificio Victor\" \/>\n<meta property=\"og:image\" content=\"https:\/\/www.victor.it\/wp-content\/uploads\/2024\/12\/W1099-Nastro-in-lana-1.jpg\" \/>\n\t<meta property=\"og:image:width\" content=\"1200\" \/>\n\t<meta property=\"og:image:height\" content=\"1200\" \/>\n\t<meta property=\"og:image:type\" content=\"image\/jpeg\" \/>\n<meta name=\"twitter:card\" content=\"summary_large_image\" \/>\n<script type=\"application\/ld+json\" class=\"yoast-schema-graph\">{\"@context\":\"https:\/\/schema.org\",\"@graph\":[{\"@type\":\"WebPage\",\"@id\":\"https:\/\/www.victor.it\/de\/produkt\/wollband\/\",\"url\":\"https:\/\/www.victor.it\/de\/produkt\/wollband\/\",\"name\":\"Wollband - Nastrificio Victor\",\"isPartOf\":{\"@id\":\"https:\/\/www.victor.it\/de\/#website\"},\"primaryImageOfPage\":{\"@id\":\"https:\/\/www.victor.it\/de\/produkt\/wollband\/#primaryimage\"},\"image\":{\"@id\":\"https:\/\/www.victor.it\/de\/produkt\/wollband\/#primaryimage\"},\"thumbnailUrl\":\"https:\/\/www.victor.it\/wp-content\/uploads\/2024\/12\/W1099-Nastro-in-lana-1.jpg\",\"datePublished\":\"2024-12-12T15:01:45+00:00\",\"breadcrumb\":{\"@id\":\"https:\/\/www.victor.it\/de\/produkt\/wollband\/#breadcrumb\"},\"inLanguage\":\"de\",\"potentialAction\":[{\"@type\":\"ReadAction\",\"target\":[\"https:\/\/www.victor.it\/de\/produkt\/wollband\/\"]}]},{\"@type\":\"ImageObject\",\"inLanguage\":\"de\",\"@id\":\"https:\/\/www.victor.it\/de\/produkt\/wollband\/#primaryimage\",\"url\":\"https:\/\/www.victor.it\/wp-content\/uploads\/2024\/12\/W1099-Nastro-in-lana-1.jpg\",\"contentUrl\":\"https:\/\/www.victor.it\/wp-content\/uploads\/2024\/12\/W1099-Nastro-in-lana-1.jpg\",\"width\":1200,\"height\":1200,\"caption\":\"Nastro in lana pied de poule W1099\"},{\"@type\":\"BreadcrumbList\",\"@id\":\"https:\/\/www.victor.it\/de\/produkt\/wollband\/#breadcrumb\",\"itemListElement\":[{\"@type\":\"ListItem\",\"position\":1,\"name\":\"Home\",\"item\":\"https:\/\/www.victor.it\/de\/home-2\/\"},{\"@type\":\"ListItem\",\"position\":2,\"name\":\"Produkte\",\"item\":\"https:\/\/www.victor.it\/de\/shop\/\"},{\"@type\":\"ListItem\",\"position\":3,\"name\":\"Wollband\"}]},{\"@type\":\"WebSite\",\"@id\":\"https:\/\/www.victor.it\/de\/#website\",\"url\":\"https:\/\/www.victor.it\/de\/\",\"name\":\"Nastrificio Victor\",\"description\":\"B\u00e4nder, Kordeln, Elastische B\u00e4nder, Schn\u00fcrsenkel f\u00fcr die Modeindustrie\",\"potentialAction\":[{\"@type\":\"SearchAction\",\"target\":{\"@type\":\"EntryPoint\",\"urlTemplate\":\"https:\/\/www.victor.it\/de\/?s={search_term_string}\"},\"query-input\":{\"@type\":\"PropertyValueSpecification\",\"valueRequired\":true,\"valueName\":\"search_term_string\"}}],\"inLanguage\":\"de\"}]}<\/script>\n<!-- \/ Yoast SEO plugin. -->","yoast_head_json":{"title":"Wollband - Nastrificio Victor","robots":{"index":"index","follow":"follow","max-snippet":"max-snippet:-1","max-image-preview":"max-image-preview:large","max-video-preview":"max-video-preview:-1"},"canonical":"https:\/\/www.victor.it\/de\/produkt\/wollband\/","og_locale":"de_DE","og_type":"article","og_title":"Wollband - Nastrificio Victor","og_description":"Zusammensetzung:Wolle Beschreibung:Wollband mit Hahnentrittmuster","og_url":"https:\/\/www.victor.it\/de\/produkt\/wollband\/","og_site_name":"Nastrificio Victor","og_image":[{"width":1200,"height":1200,"url":"https:\/\/www.victor.it\/wp-content\/uploads\/2024\/12\/W1099-Nastro-in-lana-1.jpg","type":"image\/jpeg"}],"twitter_card":"summary_large_image","schema":{"@context":"https:\/\/schema.org","@graph":[{"@type":"WebPage","@id":"https:\/\/www.victor.it\/de\/produkt\/wollband\/","url":"https:\/\/www.victor.it\/de\/produkt\/wollband\/","name":"Wollband - Nastrificio Victor","isPartOf":{"@id":"https:\/\/www.victor.it\/de\/#website"},"primaryImageOfPage":{"@id":"https:\/\/www.victor.it\/de\/produkt\/wollband\/#primaryimage"},"image":{"@id":"https:\/\/www.victor.it\/de\/produkt\/wollband\/#primaryimage"},"thumbnailUrl":"https:\/\/www.victor.it\/wp-content\/uploads\/2024\/12\/W1099-Nastro-in-lana-1.jpg","datePublished":"2024-12-12T15:01:45+00:00","breadcrumb":{"@id":"https:\/\/www.victor.it\/de\/produkt\/wollband\/#breadcrumb"},"inLanguage":"de","potentialAction":[{"@type":"ReadAction","target":["https:\/\/www.victor.it\/de\/produkt\/wollband\/"]}]},{"@type":"ImageObject","inLanguage":"de","@id":"https:\/\/www.victor.it\/de\/produkt\/wollband\/#primaryimage","url":"https:\/\/www.victor.it\/wp-content\/uploads\/2024\/12\/W1099-Nastro-in-lana-1.jpg","contentUrl":"https:\/\/www.victor.it\/wp-content\/uploads\/2024\/12\/W1099-Nastro-in-lana-1.jpg","width":1200,"height":1200,"caption":"Nastro in lana pied de poule W1099"},{"@type":"BreadcrumbList","@id":"https:\/\/www.victor.it\/de\/produkt\/wollband\/#breadcrumb","itemListElement":[{"@type":"ListItem","position":1,"name":"Home","item":"https:\/\/www.victor.it\/de\/home-2\/"},{"@type":"ListItem","position":2,"name":"Produkte","item":"https:\/\/www.victor.it\/de\/shop\/"},{"@type":"ListItem","position":3,"name":"Wollband"}]},{"@type":"WebSite","@id":"https:\/\/www.victor.it\/de\/#website","url":"https:\/\/www.victor.it\/de\/","name":"Nastrificio Victor","description":"B\u00e4nder, Kordeln, Elastische B\u00e4nder, Schn\u00fcrsenkel f\u00fcr die Modeindustrie","potentialAction":[{"@type":"SearchAction","target":{"@type":"EntryPoint","urlTemplate":"https:\/\/www.victor.it\/de\/?s={search_term_string}"},"query-input":{"@type":"PropertyValueSpecification","valueRequired":true,"valueName":"search_term_string"}}],"inLanguage":"de"}]}},"_links":{"self":[{"href":"https:\/\/www.victor.it\/de\/wp-json\/wp\/v2\/product\/100401","targetHints":{"allow":["GET"]}}],"collection":[{"href":"https:\/\/www.victor.it\/de\/wp-json\/wp\/v2\/product"}],"about":[{"href":"https:\/\/www.victor.it\/de\/wp-json\/wp\/v2\/types\/product"}],"replies":[{"embeddable":true,"href":"https:\/\/www.victor.it\/de\/wp-json\/wp\/v2\/comments?post=100401"}],"version-history":[{"count":0,"href":"https:\/\/www.victor.it\/de\/wp-json\/wp\/v2\/product\/100401\/revisions"}],"wp:featuredmedia":[{"embeddable":true,"href":"https:\/\/www.victor.it\/de\/wp-json\/wp\/v2\/media\/100402"}],"wp:attachment":[{"href":"https:\/\/www.victor.it\/de\/wp-json\/wp\/v2\/media?parent=100401"}],"wp:term":[{"taxonomy":"pronto-per-tinta","embeddable":true,"href":"https:\/\/www.victor.it\/de\/wp-json\/wp\/v2\/pronto-per-tinta?post=100401"},{"taxonomy":"tipologia-di-prodotto","embeddable":true,"href":"https:\/\/www.victor.it\/de\/wp-json\/wp\/v2\/tipologia-di-prodotto?post=100401"},{"taxonomy":"product_brand","embeddable":true,"href":"https:\/\/www.victor.it\/de\/wp-json\/wp\/v2\/product_brand?post=100401"},{"taxonomy":"product_cat","embeddable":true,"href":"https:\/\/www.victor.it\/de\/wp-json\/wp\/v2\/product_cat?post=100401"},{"taxonomy":"product_tag","embeddable":true,"href":"https:\/\/www.victor.it\/de\/wp-json\/wp\/v2\/product_tag?post=100401"}],"curies":[{"name":"wp","href":"https:\/\/api.w.org\/{rel}","templated":true}]}}

<!-- This site is optimized with the Yoast SEO plugin v27.2 - https://yoast.com/product/yoast-seo-wordpress/ -->
<title>Wollband - Nastrificio Victor</title>
<meta name="robots" content="index, follow, max-snippet:-1, max-image-preview:large, max-video-preview:-1" />
<link rel="canonical" href="https://www.victor.it/de/produkt/wollband/" />
<meta property="og:locale" content="de_DE" />
<meta property="og:type" content="article" />
<meta property="og:title" content="Wollband - Nastrificio Victor" />
<meta property="og:description" content="Zusammensetzung:Wolle Beschreibung:Wollband mit Hahnentrittmuster" />
<meta property="og:url" content="https://www.victor.it/de/produkt/wollband/" />
<meta property="og:site_name" content="Nastrificio Victor" />
<meta property="og:image" content="https://www.victor.it/wp-content/uploads/2024/12/W1099-Nastro-in-lana-1.jpg" />
	<meta property="og:image:width" content="1200" />
	<meta property="og:image:height" content="1200" />
	<meta property="og:image:type" content="image/jpeg" />
<meta name="twitter:card" content="summary_large_image" />
<script type="application/ld+json" class="yoast-schema-graph">{"@context":"https://schema.org","@graph":[{"@type":"WebPage","@id":"https://www.victor.it/de/produkt/wollband/","url":"https://www.victor.it/de/produkt/wollband/","name":"Wollband - Nastrificio Victor","isPartOf":{"@id":"https://www.victor.it/de/#website"},"primaryImageOfPage":{"@id":"https://www.victor.it/de/produkt/wollband/#primaryimage"},"image":{"@id":"https://www.victor.it/de/produkt/wollband/#primaryimage"},"thumbnailUrl":"https://www.victor.it/wp-content/uploads/2024/12/W1099-Nastro-in-lana-1.jpg","datePublished":"2024-12-12T15:01:45+00:00","breadcrumb":{"@id":"https://www.victor.it/de/produkt/wollband/#breadcrumb"},"inLanguage":"de","potentialAction":[{"@type":"ReadAction","target":["https://www.victor.it/de/produkt/wollband/"]}]},{"@type":"ImageObject","inLanguage":"de","@id":"https://www.victor.it/de/produkt/wollband/#primaryimage","url":"https://www.victor.it/wp-content/uploads/2024/12/W1099-Nastro-in-lana-1.jpg","contentUrl":"https://www.victor.it/wp-content/uploads/2024/12/W1099-Nastro-in-lana-1.jpg","width":1200,"height":1200,"caption":"Nastro in lana pied de poule W1099"},{"@type":"BreadcrumbList","@id":"https://www.victor.it/de/produkt/wollband/#breadcrumb","itemListElement":[{"@type":"ListItem","position":1,"name":"Home","item":"https://www.victor.it/de/home-2/"},{"@type":"ListItem","position":2,"name":"Produkte","item":"https://www.victor.it/de/shop/"},{"@type":"ListItem","position":3,"name":"Wollband"}]},{"@type":"WebSite","@id":"https://www.victor.it/de/#website","url":"https://www.victor.it/de/","name":"Nastrificio Victor","description":"Bänder, Kordeln, Elastische Bänder, Schnürsenkel für die Modeindustrie","potentialAction":[{"@type":"SearchAction","target":{"@type":"EntryPoint","urlTemplate":"https://www.victor.it/de/?s={search_term_string}"},"query-input":{"@type":"PropertyValueSpecification","valueRequired":true,"valueName":"search_term_string"}}],"inLanguage":"de"}]}</script>
<!-- / Yoast SEO plugin. -->

Bänder, Kordeln, Elastische Bänder, Schnürsenkel für die Modeindustrie
